t is the highest common factor of 91 and 14?
7
What is the highest common divisor of 2494 and 986?
58
Calculate the highest common divisor of 324 and 24.
12
Calculate the greatest common factor of 149 and 1.
1
Calculate the highest common factor of 98 and 98.
98
Calculate the greatest common factor of 159 and 2279.
53
What is the highest common factor of 132 and 682?
22
What is the highest common divisor of 1233 and 54?
9
What is the greatest common factor of 51 and 1938?
51
Calculate the highest common factor of 6003 and 46.
23
Calculate the greatest common divisor of 5298 and 30.
6
Calculate the greatest common divisor of 89 and 3.
1
What is the highest common factor of 169 and 13?
13
What is the greatest common divisor of 2208 and 384?
96
Calculate the greatest common divisor of 3255 and 105.
105
What is the highest common factor of 286 and 1469?
13
Calculate the highest common divisor of 378 and 70.
14
What is the highest common divisor of 133 and 76?
19
Calculate the highest common factor of 938 and 56.
14
Calculate the highest common divisor of 7920 and 3120.
240
What is the highest common divisor of 23 and 3427?
23
What is the greatest common factor of 88 and 12694?
22
Calculate the greatest common divisor of 80 and 3980.
20
Calculate the highest common factor of 20 and 45.
5
Calculate the greatest common factor of 59 and 5.
1
What is the highest common divisor of 361 and 133?
19
Calculate the highest common divisor of 20 and 3460.
20
What is the greatest common divisor of 2941 and 51?
17
Calculate the greatest common factor of 559 and 258.
43
Calculate the highest common factor of 400 and 25.
25
Calculate the greatest common factor of 7 and 280.
7
What is the highest common divisor of 385 and 231?
77
Calculate the highest common factor of 26 and 2522.
26
What is the highest common factor of 4 and 7?
1
What is the greatest common divisor of 43 and 473?
43
Calculate the highest common factor of 160 and 360.
40
Calculate the highest common divisor of 1088 and 578.
34
What is the highest common factor of 49 and 49?
49
Calculate the greatest common divisor of 3326 and 6.
2
Calculate the greatest common factor of 330 and 60.
30
Calculate the greatest common divisor of 584 and 40.
8
Calculate the highest common divisor of 568 and 142.
142
What is the greatest common factor of 636 and 2968?
212
What is the greatest common divisor of 33 and 41877?
33
What is the greatest common factor of 19152 and 441?
63
Calculate the greatest common divisor of 2697 and 93.
93
Calculate the greatest common divisor of 880 and 2112.
176
What is the highest common divisor of 32 and 40?
8
Calculate the greatest common factor of 464 and 87.
29
Calculate the greatest common divisor of 9483 and 348.
87
Calculate the greatest common divisor of 3056 and 1719.
191
Calculate the highest common factor of 41 and 41.
41
Calculate the highest common factor of 52 and 516.
4
Calculate the greatest common factor of 248 and 62.
62
What is the highest common divisor of 1845 and 45?
45
What is the greatest common divisor of 448 and 6208?
64
What is the greatest common divisor of 130 and 4082?
26
What is the greatest common divisor of 6 and 77652?
6
Calculate the highest common factor of 59 and 1239.
59
What is the highest common divisor of 243 and 594?
27
What is the highest common factor of 74 and 666?
74
Calculate the greatest common divisor of 20 and 260.
20
Calculate the greatest common divisor of 450 and 162.
18
Calculate the highest common divisor of 832 and 64.
64
What is the highest common factor of 170 and 20?
10
What is the highest common factor of 51 and 51?
51
Calculate the greatest common factor of 169 and 28561.
169
Calculate the greatest common divisor of 279 and 62.
31
Calculate the greatest common divisor of 2325 and 93.
93
What is the greatest common divisor of 77 and 14?
7
Calculate the greatest common divisor of 1329 and 33.
3
What is the greatest common divisor of 405 and 705?
15
What is the highest common divisor of 17 and 2771?
17
Calculate the greatest common factor of 1775 and 375.
25
Calculate the greatest common divisor of 36 and 81.
9
Calculate the greatest common factor of 100 and 350.
50
What is the highest common factor of 19518 and 6?
6
Calculate the greatest common divisor of 156 and 1508.
52
Calculate the highest common factor of 2 and 151.
1
What is the greatest common divisor of 182 and 286?
26
Calculate the greatest common factor of 11 and 197.
1
Calculate the greatest common factor of 10325 and 118.
59
Calculate the highest common divisor of 312 and 39.
39
Calculate the greatest common divisor of 50 and 250.
50
What is the greatest common factor of 377 and 208?
13
What is the highest common divisor of 556 and 417?
139
What is the greatest common factor of 63 and 147?
21
Calculate the highest common factor of 5 and 145.
5
What is the greatest common divisor of 312 and 96?
24
Calculate the highest common factor of 8 and 72.
8
What is the greatest common factor of 156 and 416?
52
Calculate the greatest common factor of 90 and 36.
18
What is the greatest common factor of 377 and 464?
29
What is the greatest common divisor of 76 and 722?
38
What is the greatest common divisor of 315 and 45?
45
What is the greatest common divisor of 335 and 536?
67
Calculate the highest common factor of 374 and 198.
22
Calculate the greatest common divisor of 10 and 5030.
10
What is the highest common divisor of 12 and 112?
4
Calculate the greatest common divisor of 21409 and 79.
79
Calculate the highest common factor of 44 and 572.
44
Calculate the highest common factor of 24 and 42.
6
What is the greatest common divisor of 112 and 144?
16
What is the greatest common factor of 74 and 629?
37
What is the highest common divisor of 210 and 10?
10
What is the greatest common divisor of 392 and 112?
56
What is the highest common divisor of 240 and 1140?
60
What is the greatest common factor of 432 and 54?
54
What is the highest common divisor of 2 and 46?
2
Calculate the highest common divisor of 247 and 91.
13
Calculate the highest common factor of 1010 and 10.
10
What is the greatest common divisor of 27440 and 160?
80
Calculate the highest common divisor of 128 and 1472.
64
What is the greatest common divisor of 603 and 18?
9
What is the highest common factor of 156 and 390?
78
Calculate the highest common divisor of 2156 and 88.
44
Calculate the greatest common divisor of 2140 and 20.
20
Calculate the greatest common divisor of 65 and 715.
65
What is the greatest common factor of 9361 and 1012?
253
What is the greatest common factor of 11716 and 348?
116
Calculate the greatest common divisor of 34 and 51.
17
What is the highest common divisor of 69 and 897?
69
Calculate the highest common factor of 72 and 1026.
18
What is the greatest common factor of 248 and 310?
62
Calculate the highest common divisor of 1241 and 292.
73
What is the highest common divisor of 15 and 1245?
15
What is the highest common factor of 81 and 7083?
9
What is the greatest common factor of 80 and 64?
16
Calculate the greatest common factor of 3444 and 98.
14
Calculate the greatest common divisor of 73034 and 106.
106
Calculate the highest common factor of 6 and 96.
6
What is the greatest common divisor of 3294 and 54?
54
What is the highest common divisor of 344 and 40?
8
What is the greatest common divisor of 4046 and 14?
14
What is the greatest common divisor of 21 and 49?
7
Calculate the greatest common factor of 376 and 517.
47
Calculate the highest common divisor of 150 and 42.
6
What is the greatest common factor of 2340 and 810?
90
Calculate the greatest common factor of 150 and 690.
30
Calculate the greatest common factor of 6795 and 120.
15
What is the highest common divisor of 4880 and 32?
16
What is the greatest common divisor of 125 and 160?
5
What is the highest common divisor of 35 and 7?
7
What is the greatest common divisor of 6 and 27?
3
What is the greatest common divisor of 6 and 1002?
6
Calculate the highest common factor of 4656 and 48.
48
What is the highest common factor of 904 and 1921?
113
Calculate the greatest common divisor of 2 and 786.
2
What is the highest common factor of 329 and 9259?
47
Calculate the greatest common divisor of 584 and 8.
8
What is the h